t is the greatest common factor of o and c?
19
Suppose -4*z = -4*n - 24, -z - 4*z = 4*n - 21. Suppose 2*a - 135 = z*v, 0*v = -3*a - 5*v + 265. What is the greatest common divisor of a and 20?
20
Let w be (-45)/(-18) - (-3)/(-2). Let v be 0 + (1 - 6/(-3)). Suppose -44 = -v*f - f. Calculate the greatest common divisor of f and w.
1
Suppose 405 = 2*w - u, 4*u - 780 = -2*w - 2*w. Calculate the highest common divisor of 25 and w.
25
Suppose 0 = i + 2*i. Suppose i = -v - 0*v + 16. Let t = 158 + -110. What is the greatest common factor of t and v?
16
Let d = 60 - 50. What is the highest common divisor of d and 110?
10
Let t be (2/(-3))/(2/(-9)). Suppose -2*w + 61 = -5*g, -3*w - g + 98 = -2*g. Suppose w = 5*v - 4*v. Calculate the greatest common factor of v and t.
3
Let w(t) = -t**2 - 8*t + 22. Let z be w(-10). What is the highest common factor of z and 2?
2
Let s = -73 - -189. What is the greatest common divisor of 29 and s?
29
Suppose -3 = -2*t + 45. Suppose q - 6 = t. Suppose 9*x - 880 = -205. What is the highest common factor of x and q?
15
Suppose -4*v + 5 = -3*v + 5*r, 0 = -3*v - 3*r + 27. Calculate the greatest common divisor of 50 and v.
10
Let v be 26/3*6/4. Calculate the highest common divisor of 39 and v.
13
Let v = 38 - 15. Suppose w + i = 6*i - 1, 2*w = 5*i + v. Calculate the highest common factor of 60 and w.
12
Suppose -4*r - 782 = -2*r. Let d = -256 - r. What is the greatest common factor of 54 and d?
27
Suppose -4*b = -20 - 20. What is the highest common factor of b and 40?
10
Let y(b) = -b**2 - 7*b + 9. Let a be y(-7). Let o = -6 - -12. Suppose -2*q = 3*r, -o*q - 3*r = -q - 9. What is the greatest common factor of a and q?
3
Suppose -2*l = -3*l. Suppose -3 = w, l = -q - 2*w + 20 - 3. Calculate the greatest common divisor of 23 and q.
23
Let g = 65 - 15. Calculate the highest common factor of 125 and g.
25
Suppose 4*s - 144 = -3*j, -4*j + 223 = -7*s + 2*s. Suppose -17 - 23 = -2*y. Suppose v = -7 + y. What is the greatest common factor of v and j?
13
Suppose -k - k = -4. Calculate the greatest common factor of k and 4.
2
Suppose -w + 5*o + 54 = 0, -2*o - o = 3*w - 72. What is the highest common factor of 348 and w?
29
Let g(x) = 4*x. Let l be g(4). Calculate the highest common divisor of l and 128.
16
Let s(d) = 39*d**2 + d. Let f be s(-1). Suppose 3*x - f = 58. What is the greatest common divisor of 8 and x?
8
Let k be 52 - ((1 - 1) + 0). Let h = 12 + -8. Suppose 4*p = -h*u - 0*u + 60, p - 4*u - 5 = 0. Calculate the greatest common factor of p and k.
13
Suppose m + 29 = 10. Let c = 27 + m. Calculate the greatest common divisor of c and 24.
8
Let w(n) = n**3 + 6*n**2 - n - 4. Let a be w(-6). Suppose -4*o - a = -6*o. Let g = 7 + -3. Calculate the highest common factor of o and g.
1
Let w = 164 - 97. Suppose -4*r = -7*x + 2*x - w, 4*r - 4*x - 68 = 0. Calculate the greatest common factor of r and 18.
18
Let g be (-32)/(-10) - 52/(-65). Calculate the highest common factor of g and 36.
4
Let y = -1 + 3. Let l(d) = 11*d**3 + d. Let v(k) = -k**3. Let n(b) = l(b) + 6*v(b). Let c be n(1). What is the highest common divisor of y and c?
2
Let g be 4/(-22) - (-204)/33. Let w = g + 6. Suppose w - 312 = -5*r. What is the greatest common divisor of 12 and r?
12
Let s(i) = 5*i - 3. Let f be s(-3). Let t = 30 + f. Suppose 2*y + t = 2*z, -y + 2*y = -2*z. What is the highest common divisor of 4 and z?
2
Let i(c) = -c**2 - 10*c - 15. Let s be i(-8). What is the greatest common divisor of 5 and s?
1
Let f be -4*(-3)/2 - 3. Let v be 1/(1*f/90). Let x = 3 + 0. What is the highest common divisor of x and v?
3
Suppose g = 8*g - 252. What is the greatest common divisor of 24 and g?
12
Suppose 0 = -4*q + 16. Let n be 0 + (3 - (-340)/q). What is the highest common divisor of 8 and n?
8
Let v(k) = -k**3 - 3*k**2 + 8*k - 3. Let q be v(-5). Calculate the greatest common divisor of 21 and q.
7
Suppose 0 = 7*p - 2*p + 2*b - 92, -2*p + 48 = -2*b. What is the greatest common factor of p and 4?
4
Let t = -37 - -64. What is the highest common divisor of t and 54?
27
Suppose 5*a = -3*z - 2 - 4, 0 = 3*a + 5*z - 6. Let i = a + 6. Suppose -4*w + 11 = -t, -2*w + i*t - 1 = -7*w. Calculate the greatest common divisor of 6 and w.
2
Suppose -14 = -3*i + 4*u, -5*i + 7*u = 3*u - 26. What is the greatest common factor of 144 and i?
6
Let c be 8 + (1 - 0) + (2 - 4). What is the highest common factor of 7 and c?
7
Let p = -74 + 129. Let c = p + -30. Calculate the highest common divisor of 10 and c.
5
Let o = -50 - -62. Let k(d) = -5*d. Let h be k(-2). Let s = o - h. Calculate the greatest common divisor of s and 2.
2
Let z = -21 - -61. Calculate the highest common factor of z and 16.
8
Suppose -63*p + 9 = -62*p. What is the highest common factor of 72 and p?
9
Let z(c) = -7*c**3 + c**2 + 2*c + 1. Let h be z(-1). What is the highest common factor of 1 and h?
1
Let n be 2/4 + (-770)/(-4). Suppose 0 = 2*d - 107 - n. Let i = 9 + 6. Calculate the greatest common factor of i and d.
15
Suppose r = 6 + 3. Suppose 25 = -8*b + 3*b. Let f = -4 - b. What is the greatest common factor of f and r?
1
Let l be 12/(-28) + (-3222)/(-21). What is the highest common factor of 17 and l?
17
Suppose 125 = 3*h - 40. Suppose -4*t + h = -5*c, -c + 2*c - 5 = 0. Calculate the highest common factor of 180 and t.
20
Let g = -14 - -22. Suppose a = 4*r + r - 216, 0 = 4*r + 3*a - 188. Let d be (r/10)/(1/20). Calculate the greatest common factor of d and g.
8
Suppose -5*v - 15 = -u + 5, 3*v = 9. Calculate the highest common divisor of u and 5.
5
Let x = -78 - -98. Calculate the greatest common factor of x and 120.
20
Let l be -1 + (-5)/((-10)/44). Let i be ((-3)/4)/((-1)/4). Let k = 6 - i. What is the greatest common factor of l and k?
3
Suppose a = 5*z - 155, 0 = -a + 6 - 1. What is the greatest common factor of z and 2?
2
Suppose -4*i + 5 = 1. Let u be (4*8)/4 - i. What is the greatest common divisor of 42 and u?
7
Let a(u) = -2*u + 12. Let f be a(-9). Let g be (-1)/2 - (-182)/4. Calculate the highest common divisor of f and g.
15
Let m = -4 - -7. Suppose -2*q + m*o + 63 = 0, -q - 5*o + 95 = 4*q. What is the greatest common divisor of q and 120?
24
Let t be (67 - 0) + (10 - 14). Suppose t - 13 = 2*f. What is the greatest common divisor of 200 and f?
25
Let d be (-1 - (4 - 1))*(-30)/12. Calculate the greatest common divisor of 35 and d.
5
Suppose -3*w + 19 = -5*d, -5*d + 2 + 3 = 0. Calculate the highest common factor of w and 16.
8
Let h be 3*-1*(-144)/54. Suppose 0*l = -l + h. Calculate the greatest common divisor of l and 8.
8
Let g be 3 + 1*-2 + 2. Suppose -4*o - 3*t + g = o, 3*t + 21 = 3*o. Calculate the greatest common factor of o and 1.
1
Let y be (-6)/(-9) + (-292)/(-12). What is the highest common factor of 175 and y?
25
Let b be (-6)/8 + (-1590)/(-8). Calculate the greatest common factor of b and 18.
18
Suppose 4*g - 2*c - 36 - 22 = 0, 2*c = 5*g - 74. Let j = g + -12. Calculate the highest common factor of j and 28.
4
Let h = 36 - 33. Calculate the greatest common factor of h and 27.
3
Suppose 4*y + 28 = 3*o, -4*o + 5*o + 3*y - 18 = 0. Calculate the greatest common factor of o and 48.
12
Let a(j) = -j**2 + j + 176. Let x be a(0). Let w = 20 - 4. Calculate the greatest common factor of w and x.
16
Let q(d) = -d**3 + d**2 - 2*d - 1. Let f(z) = -z**2 - 5*z + 4. Let t be f(-6). Let c be q(t). Calculate the highest common divisor of 60 and c.
15
Let n be 4/(-6) + (-33)/(-9). Suppose -l + n*t + 54 = 5, 2*t - 4 = 0. What is the greatest common factor of l and 22?
11
Let s be 27510/280 - -1*(-2)/8. Calculate the highest common factor of 14 and s.
14
Let z = -50 + 62. Calculate the greatest common factor of z and 12.
12
Let d(i) = -65*i + 19. Let a(p) = -13*p + 4. Let z(q) = 11*a(q) - 2*d(q). Let h be z(-5). Let t = h + -36. Calculate the highest common divisor of 5 and t.
5
Suppose 6*o - 3*o - 252 = 0. What is the greatest common factor of 12 and o?
12
Suppose -o + 3 + 1 = -3*c, -2*c - 3*o + 12 = 0. Suppose c = -3*i + s + 5 + 16, 4*s = 0. Calculate the greatest common divisor of i and 49.
7
Let f be 35*1/(5/24). Let s be 19/6 - 3/18. Suppose 4*i = -w + 88, 3*i - 45 = -s*w + 30. Calculate the highest common factor of f and i.
21
Suppose -3*h - 1 = -4. Let z(j) = 64*j. Let i be z(h). What is the highest common div